digit of 7724238?
2
What is the tens digit of 2542446?
4
What is the millions digit of 1580237?
1
What is the tens digit of 7702827?
2
What is the thousands digit of 15632704?
2
What is the thousands digit of 399001?
9
What is the thousands digit of 4601347?
1
What is the hundreds digit of 110297?
2
What is the thousands digit of 369174?
9
What is the hundred thousands digit of 826535?
8
What is the hundreds digit of 82965?
9
What is the tens digit of 408985?
8
What is the thousands digit of 3665863?
5
What is the tens digit of 7766803?
0
What is the ten thousands digit of 348944?
4
What is the tens digit of 5707922?
2
What is the thousands digit of 197861?
7
What is the tens digit of 3870307?
0
What is the thousands digit of 733204?
3
What is the hundreds digit of 704257?
2
What is the tens digit of 464472?
7
What is the thousands digit of 1957899?
7
What is the tens digit of 708251?
5
What is the units digit of 351455?
5
What is the thousands digit of 1169173?
9
What is the tens digit of 10656527?
2
What is the ten thousands digit of 3073936?
7
What is the millions digit of 14206560?
4
What is the units digit of 383751?
1
What is the ten thousands digit of 6066613?
6
What is the thousands digit of 35530?
5
What is the tens digit of 3430778?
7
What is the ten thousands digit of 2351820?
5
What is the thousands digit of 3036343?
6
What is the thousands digit of 2996582?
6
What is the hundreds digit of 40715?
7
What is the ten thousands digit of 793340?
9
What is the tens digit of 87077?
7
What is the hundreds digit of 2215280?
2
What is the tens digit of 396792?
9
What is the hundred thousands digit of 120675?
1
What is the tens digit of 21097?
9
What is the tens digit of 528054?
5
What is the millions digit of 8068576?
8
What is the hundreds digit of 36724735?
7
What is the thousands digit of 40810?
0
What is the units digit of 677813?
3
What is the units digit of 479472?
2
What is the millions digit of 3910170?
3
What is the ten thousands digit of 27892?
2
What is the hundreds digit of 6553725?
7
What is the units digit of 3561207?
7
What is the units digit of 329499?
9
What is the hundred thousands digit of 8138343?
1
What is the ten thousands digit of 1067946?
6
What is the thousands digit of 495278?
5
What is the hundreds digit of 1388597?
5
What is the ten thousands digit of 32384005?
8
What is the units digit of 835896?
6
What is the thousands digit of 55988?
5
What is the hundreds digit of 969689?
6
What is the thousands digit of 464238?
4
What is the ten millions digit of 14572939?
1
What is the ten thousands digit of 14576550?
7
What is the millions digit of 1190676?
1
What is the millions digit of 32772819?
2
What is the ten thousands digit of 45893?
4
What is the hundreds digit of 5708959?
9
What is the hundreds digit of 446924?
9
What is the tens digit of 1852176?
7
What is the ten thousands digit of 13984609?
8
What is the ten thousands digit of 7729481?
2
What is the units digit of 267531?
1
What is the hundreds digit of 1079516?
5
What is the tens digit of 1010504?
0
What is the millions digit of 2787658?
2
What is the units digit of 8685722?
2
What is the tens digit of 503653?
5
What is the units digit of 146358?
8
What is the units digit of 273054?
4
What is the hundreds digit of 321984?
9
What is the tens digit of 9367646?
4
What is the hundreds digit of 174929?
9
What is the millions digit of 4995805?
4
What is the millions digit of 42816391?
2
What is the ten thousands digit of 1327921?
2
What is the thousands digit of 1547564?
7
What is the hundreds digit of 165827?
8
What is the millions digit of 5576466?
5
What is the hundreds digit of 2152478?
4
What is the ten thousands digit of 7506419?
0
What is the tens digit of 200818?
1
What is the units digit of 275367?
7
What is the hundreds digit of 2560012?
0
What is the hundreds digit of 36792360?
3
What is the units digit of 445672?
2
What is the tens digit of 85179?
7
What is the units digit of 265320?
0
What is the ten thousands digit of 19458451?
5
What is the units digit of 23052?
2
What is the hundreds digit of 6808?
8
What is the units digit of 19273793?
3
What is the millions digit of 2734430?
2
What is the hundred thousands digit of 728854?
7
What is the tens digit of 213962?
6
What is the units digit of 1575632?
2
What is the ten thousands digit of 4301002?
0
What is the ten thousands digit of 4777644?
7
What is the thousands digit of 216389?
6
What is the tens digit of 378131?
3
What is the units digit of 306211?
1
What is the millions digit of 1200932?
1
What is the units digit of 7522676?
6
What is the tens digit of 13042777?
7
What is the thousands digit of 7177580?
7
What is the tens digit of 3108398?
9
What is the thousands digit of 30622144?
2
What is the units digit of 333707?
7
What is the ten thousands digit of 12881032?
8
What is the ten thousands digit of 1146486?
4
What is the ten millions digit of 12001087?
1
What is the units digit of 230058?
8
What is the units digit of 685379?
9
What is the thousands digit of 2403488?
3
What is the millions digit of 2601704?
2
What is the hundreds digit of 101351?
3
What is the units digit of 315711?
1
What is the hundred thousands digit of 151761?
1
What is the ten thousands digit of 10187604?
8
What is the hundreds digit of 181454?
4
What is the hundreds digit of 269701?
7
What is the units digit of 1148541?
1
What is the tens digit of 391257?
5
What is the ten thousands digit of 1208202?
0
What is the units digit of 259035?
5
What is the tens digit of 1961390?
9
What is the units digit of 1577296?
6
What is the ten thousands digit of 16683837?
8
What is the hundreds digit of 252850?
8
What is the thousands digit of 669447?
9
What is the thousands digit of 141306?
1
What is the hundreds digit of 362066?
0
What is the hundreds digit of 45238?
2
What is the tens digit of 1369914?
1
What is the ten thousands digit of 9726446?
2
What is the units digit of 644704?
4
What is the millions digit of 7083371?
7
What is the thousands digit of 311235?
1
What is the hundreds digit of 18622511?
5
What is the millions digit of 19317587?
9
What is the millions digit of 10529274?
0
What is the hundred thousands digit of 1457752?
4
What is the ten millions digit of 39907524?
3
What is the ten thousands digit of 392557?
9
What is the hundred thousands digit of 7424789?
4
What is the thousands digit of 11967428?
7
What is the units digit of 653666?
6
What is the hundreds digit of 7086252?
2
What is the millions digit of 5361240?
5
What is the millions digit of 37083509?
7
What is the thousands digit of 3676591?
6
What is the ten thousands digit of 1166015?
6
What is the ten thousands digit of 318751?
1
What is the tens digit of 16627283?
8
What is the hundreds digit of 22194?
1
What is the units digit of 1738421?
1
What is the thousands digit of 6005423?
5
What is the tens digit of 10837265?
6
What is the ten thousands digit of 735086?
3
What is the thousands digit of 25793070?
3
What is the millions digit of 2678131?
2
What is the tens digit of 169805?
0
What is the ten millions digit of 12311128?
1
What is the hundreds digit of 3375053?
0
What is the units digit of 7496559?
9
What is the thousands digit of 13268459?
8
What is the ten thousands digit of 5196206?
9
What is the units digit of 21153600?
0
What is the thousands digit of 252500?
2
What is the hundred thousands digit of 2178629?
1
What is the thousands digit of 6487052?
7
What is the millions digit of 1263464?
1
What is the hundred thousands digit of 7597109?
5
What is the thousands digit of 7391929?
1
What is the hundreds digit of 3323450?
4
What is the hundred thousands digit of 3577926?
5
What is the ten thousands digit of 1348204?
4
What is the units digit of 977740?
0
What is the ten millions digit of 24873212?
2
What is the ten thousands digit of 23252?
2
What is the ten thousands digit of 25624980?
2
What is the tens digit of 119901?
0
What is the units digit of 1148799?
9
What is the thousands digit of 239208?
9
What is the units digit of 377554?
4
What is the millions digit of 4336008?
4
What is the ten thousands digit of 530360?
3
What is the millions digit of 3855794?
3
What is the hundred thousands digit of 525704?
5
What is the thousands digit of 455149